+ 4. Let x(u) be the third derivative of u**5/30 - u**4/8 + 5*u**3/6 + 1146*u**2. Determine x(o).
25
Let r(b) = -2*b**3 + 11*b**2 - 7*b + 7. Let z(q) = q**3 - 5*q**2 + 3*q - 4. Let p(c) = 4*r(c) + 9*z(c). Suppose -5602*v + 2807*v = -2813*v. What is p(v)?
-8
Let f(i) = 11*i + 49. Suppose 4*q - 35*g + 8 = -39*g, 0 = -5*q - 4*g - 12. Give f(q).
5
Let m(t) = -4*t - 10*t + 1 + 8*t. Let j(k) = 7*k - 2. Let h(x) = -5*j(x) - 6*m(x). Suppose 2*r + r = 12. Calculate h(r).
8
Suppose -263*b + 63*b + 871 = 344*b + 5767. Let n(c) = -c - 23. Let t(x) = -x - 34. Let u(m) = 7*n(m) - 5*t(m). Give u(b).
27
Let k(y) = y**2 - y. Suppose 0 = 3*m + 3*o, -5*m - 2*o - 2 = -11. Let q be 16 - (-2 + m - -3). Let d be 4*((-3)/q)/1 + 3. What is k(d)?
2
Let d(o) = 31*o**3 + 36*o**2 - 36*o - 23. Let w be 336/(-54) - 16/(-72). Let g(n) = -11*n**3 - 12*n**2 + 12*n + 8. Let y(a) = w*d(a) - 17*g(a). Give y(11).
13
Let k = -140 - -142. Suppose 0 = 5*s + k*w, -29 + 11 = -s - 4*w. Let l(m) = -m**3 + 4*m**2 + 2*m - 1. Give l(s).
19
Let g(y) be the second derivative of -y**4/12 + 3*y**3/2 - 19*y**2/2 - y + 335. Determine g(9).
-19
Let x(b) = 0*b**2 + 10*b - 3*b - b**2 + 7. Let v be 1/(3/(-5 - -1055)). Suppose -v + 366 = 2*z. What is x(z)?
-1
Let f(l) = -40*l - 518. Let s(b) = b**2 - 53*b + 227. Let t be s(5). What is f(t)?
2
Let t(y) = 11*y**3 + y**2 + 5*y + 5. Let h(l) = 21*l**3 - 2*l**2 + 6*l + 7. Let n(q) = -h(q) + 2*t(q). Let m = 1 - -3. Let x be (-2)/m*0 - 2. What is n(x)?
3
Suppose 0 = -13*p + 11*p - 10. Let t(d) be the second derivative of -d**4/12 + d**3/6 - 66*d. Give t(p).
-30
Let w(x) = 67*x + 69. Let n be w(-1). Let o(m) = -m**3 - 2*m**2 - 2. Determine o(n).
-18
Let s(i) = -i**3 - i + 1. Let t(v) = -3*v**3 - 9*v + 22*v**2 - 16*v**2 + v**3 + 4 - 2*v**3. Let y(n) = 3*s(n) - t(n). Let a = 5 - 1. Determine y(a).
-9
Let t(g) = 24*g**2 + 22*g - 185. Let y(w) = 7*w**2 + 5*w - 62. Let u(x) = 2*t(x) - 7*y(x). What is u(13)?
12
Suppose -8*z + 17 = -12*z + t, z + 3*t = -14. Let q(g) be the second derivative of g**5/20 + g**4/4 - 7*g**3/6 - 7*g**2/2 - 10*g. Give q(z).
-22
Let d = 4503 + -4490. Let q(r) = 3*r - 31. Determine q(d).
8
Let d(g) be the second derivative of -g**4/12 + 3*g**3/2 - 4*g**2 - 11*g + 15. Calculate d(9).
-8
Let m(f) = f**2 + f - 2. Let k(w) = -9*w + 25*w - 12 + 1 - 9*w + w**3 - 6*w. Let q(h) = -k(h) + 3*m(h). Calculate q(4).
-3
Let v(g) = -4*g - 4*g**3 + 10*g + 4 + 3*g**3 + 17159*g**2 - 17153*g**2. Suppose -62 - 29 = -13*m. Determine v(m).
-3
Suppose a = -3 + 2. Suppose 4*w + 45 = -23. Let d(f) = 41*f**3 + 3*f**2 - 3*f - 3. Let h(t) = -14*t**3 - t**2 + t + 1. Let b(n) = w*h(n) - 6*d(n). What is b(a)?
7
Let d(s) = -s**3 + 6*s**2 + 15*s - 47. Let y(z) = z**3 - 8*z**2 - 16*z + 50. Let g(q) = -3*d(q) - 4*y(q). What is g(15)?
1
Let r(f) be the second derivative of -59*f + 0 + 17/2*f**2 - 1/3*f**3. Calculate r(13).
-9
Let d(y) = -y**3 - 21*y**2 + 24*y + 51. Let r be (-4)/56*-7*2 + -23. What is d(r)?
7
Let l(c) = c + c + 5*c - 5*c + 76 - 4*c. Determine l(35).
6
Let s(j) = -5*j**2 - 2*j + 9. Let y(i) = 2*i**2 + i - 5. Let q = 272 - 118. Suppose -149 = n - q. Let g(x) = n*y(x) + 3*s(x). Give g(2).
-20
Let i(c) be the first derivative of -7*c**3/6 - c**2 - 111*c + 48. Let j(o) be the first derivative of i(o). Calculate j(4).
-30
Let y(g) = g**3 - 2*g**2 - g + 4. Let x = -8322 - -8322. Give y(x).
4
Let x(q) = 57 - 29 + 532*q - 534*q. Give x(18).
-8
Let a(n) = 2*n**3 + 33*n**2 + 13*n - 43. Suppose -33 = 2*d + l, 77 = 376*d - 381*d + 3*l. Give a(d).
5
Let p be 2/(2*(3/(-2) - -2)). Let o(w) = -p*w**2 - 1 + 0*w**2 - 3*w**2 - w**2 + 4*w**2 + 2*w. What is o(-2)?
-13
Suppose 5*n = 3*n - 88. Let k = -42 - n. Let m(g) = -2*g**3 - g**3 - 3*g**k - 91*g + 93*g + 4*g**3 + 1. Give m(3).
7
Suppose -15*c = -22*w - 14*c + 61, -5*w + 2*c = -5. Let a(j) = j**3 - 4*j**2 + 2*j - 10. Determine a(w).
-13
Let m(g) be the first derivative of 35*g**2/2 - 5*g + 1326. Give m(3).
100
Let j be (-240)/25 + 9 + 42/(-30). Let a(m) = 6*m**3 + 4*m**2 - 4. Calculate a(j).
-36
Let u be 6*12/18 + -4. Let b(y) = y - 139. Calculate b(u).
-139
Let m(b) = -b**3 - 5*b**2 - 2*b - 39. Let y be m(-6). Let u(v) = 2 + 6*v**2 + 6*v**2 - 6*v - 22*v**2 + y*v**2. Determine u(-3).
11
Let i(g) = -16*g**3 + 9*g**2 + 40*g - 10. Let m(r) = -21*r - 295*r**2 + 143*r**2 + 9*r**3 + 147*r**2 + 5. Let d(p) = 4*i(p) + 7*m(p). Determine d(4).
-1
Let o(h) = -63*h - 1732. Let v be o(-27). Let z(n) = n + 21. Give z(v).
-10
Suppose -67*c = -56*c - 44. Suppose 2*v = 5*b - 2, -2*b + 4*b - c*v = -12. Let a(n) = n - 2. Determine a(b).
0
Let j(s) = s**2 - 5*s - 11. Let u be (264/(-165))/(12/(-45)). Determine j(u).
-5
Let i(r) = -r**3 - 4*r**2 - 2*r - 8. Let y(x) = -5*x**3 - 5*x**2 + 2*x - 22. Let h be y(-5). Let z = h + -472. What is i(z)?
0
Suppose -3*l = 6, 0 = -4*c + 5*l - 147 + 81. Let s(o) = -o**2 - 26*o - 141. Give s(c).
-8
Let g be 11 + (-1)/2*0. Let t(z) = -13*z**2 + 130*z + 66. Let i(h) = -4*h**2 + 40*h + 21. Let q(m) = -10*i(m) + 3*t(m). Give q(g).
-1
Let y(i) = -5*i**3 - 14. Let h(l) = 9*l**3 - l + 24. Let o(g) = -3*h(g) - 5*y(g). Let s(t) = -t - 13. Let v be s(-14). What is o(v)?
-1
Let a(r) = -7*r - 423. Let k(v) = 10*v + 428. Let x(l) = -4*a(l) - 5*k(l). Calculate x(-20).
-8
Let i(l) = l**2 - 25. Let d(w) = 4*w**2 + 717*w - 716. Let p be d(1). Give i(p).
0
Suppose -7*h + 2*h - 10 = 5*c, -3*c - 4*h + 2 = 0. Let o(k) = -40*k - 399. Give o(c).
1
Let t(s) = 3*s**3 - 23*s**2 - 14*s + 21. Let f(r) = -r**3 + 11*r**2 + 7*r - 10. Let m(y) = 5*f(y) + 2*t(y). Suppose 0*i = -2*i - 2. Let k = i + -7. Give m(k).
0
Let p(r) = -2*r + 14. Let c(w) = 3*w - 22. Suppose -2*n - 2*l - 16 = 0, -4*n + 0*n = -3*l + 11. Let x(o) = n*c(o) - 8*p(o). What is x(1)?
-1
Let t be 1*9 + 3620/(-362) + 1 + 22. Let y(l) = l**3 - 23*l**2 + 21*l + 50. Give y(t).
28
Let i(m) = -2*m**2 - 6*m + 7. Let s = -525 + 546. Suppose f - 5*u - 15 = 0, -5*f + u = -0*u + s. Calculate i(f).
-13
Let l(h) = 3*h + 48. Let c(g) = 14*g + 461. Let m be c(-34). Calculate l(m).
3
Let j(z) = 19*z**2 + 14*z - 15. Let v(q) be the second derivative of -7*q**4/12 - q**3 + 5*q**2/2 - 48*q. Let f(l) = -3*j(l) - 8*v(l). Calculate f(5).
10
Let a be 105/140 + 253/4. Let x = 68 - a. Let m(f) = f. Let h(v) = v + 1. Let u(s) = -6*h(s) + 10*m(s). What is u(x)?
10
Let r(y) = -y**3 + 9*y**2 + 16*y - 184. Suppose 16*a - 97*a = -648. Determine r(a).
8
Let d(n) = 4*n + 18. Suppose -247*h - l = -252*h + 71, h - 5*l = 19. What is d(h)?
74
Let t(i) = i**3 - 17*i**2 + 31*i + 28. Let h(s) = -7*s**3 + 121*s**2 - 222*s - 197. Let z(a) = 2*h(a) + 15*t(a). Determine z(11).
15
Suppose 15*w - 192 = 93. Suppose 5*h + 7*j = 6*j - 15, -h = -3*j + w. Let p(q) = -q**2 - 3*q + 4. Calculate p(h).
0
Let d(b) = -3*b - 4. Suppose 862 = -4*k + 2*n, 0 = -3*k - 3*n + 5*n - 644. Let t = 215 + k. Calculate d(t).
5
Let i(q) = -q**2 + 5*q + 17. Suppose 0 = 5*c - 8*w + 4*w - 170, 2*c - 2*w - 68 = 0. Suppose -248 = 3*j - c*j. Give i(j).
-7
Suppose -5 - 5 = -5*b. Let x(c) = 1 - b + 0 - c. Let g = -1070 - -1061. What is x(g)?
8
Let y = 23 - 17. Suppose 0 = 5*p - 3*p - y. Suppose p*b - 48 = -63. Let o(x) = x**2 + 5*x + 2. Calculate o(b).
2
Let i(h) = 10*h - 50. Let l be i(5). Suppose 256*y - 261*y - 35 = l. Let k(a) = -10*a - 54. Let m(s) = 2*s + 11. Let b(z) = 3*k(z) + 14*m(z). Calculate b(y).
6
Let f(b) = -b**3 - 76*b**2 - 491*b - 558. Let l be f(-69). Let r(x) = x**3 + 5*x**2 + 9*x + 15. Calculate r(l).
-75
Let d(g) = -10*g**2 - 34*g - 52. Let n(t) = -3*t**2 - 11*t - 16. Let a(j) = -2*d(j) + 7*n(j). Give a(-5).
12
Let x(h) = 607 - 2*h**2 + 601 - 1211 - 2*h + h**3 - 4*h**3. Calculate x(-3).
66
Let n = -4 - -1. Let i(b) = -b**3 + 7*b**2 - 7*b + 25. Let y be i(6). Let g(q) = 4*q**2 + y*q + 0 + 0 - 2 + q**3 + 11*q - 28*q. Determine g(n).
1
Let n(p) be the third derivative of 5*p**4/24 + 2*p**3/3 - 2*p**2. Let k(r) = -6*r**2 + 19*r - 202. Let d be k(15). Let a = d + 1264. What is n(a)?
-11
Let i(k) = -306*k**3 + 6*k**2 - 9*k - 17. Let w(b) = -174*b**3 + 4*b**2 - 5*b - 10. Let m(c) = -4*i(c) + 7*w(c). Let u be (-3 - -2)*1*2. Calculate m(u).
-36
Let r(q) = -q**3 + 7*q**2 + q - 11. Suppose 0 = -9*u - 1 + 19. Suppose -4 + 18 = u*a. Let f be r(a). Let z(l) = -l**3 - 6*l**2 - 7*l - 5. Calculate z(f).
-9
Let n(u) = -u**3 - 7*u**2 + 2*u + 5. Let p =